 factors of d.
5, 7, 269
Suppose 0 = 2*u + 3*j + 9, j + 2 + 1 = -2*u. Suppose 126*k - 133*k + 2961 = u. List the prime factors of k.
3, 47
Suppose 5*v - 13148 = -3*n, -450*v - 3 = -453*v. What are the prime factors of n?
13, 337
Let k be (-8)/4*(-7)/2. Suppose -8*x + k*x - 97 = 0. List the prime factors of (15/(-9) + 6/9)*x.
97
Let u be ((-24063)/(-78))/((-2)/4). Let i = 651 + u. What are the prime factors of i?
2, 17
Suppose -4*i + 60 = 2*d, 2*d + 29 = 3*d + 3*i. Suppose -8*j + d = -0. Suppose -j*u - 5*k = -192, -3*k - 59 - 59 = -2*u. What are the prime factors of u?
53
Suppose 39 = -5*a - 3*w - 21, -5*a - 60 = 4*w. Let n be 212/(-2)*18/a. Suppose b - 343 = 2*x - 4*x, -x - 3*b = -n. What are the prime factors of x?
2, 3, 29
Suppose 5*y = 5, 41 = f + f + 3*y. Suppose -f*l = -8*l - 2420. What are the prime factors of l?
2, 5, 11
Suppose -400 = 3*b + p, 0 = -4*b + 3*p + 202 - 731. Let q = b + 52. What are the prime factors of q/(-4) + 6/(-24)?
2, 5
Let c(a) = 0 + a - 6 + 7 + 3. Let n(o) = -2*o - 3. Let g(x) = 5*c(x) + 4*n(x). List the prime factors of g(-3).
17
Let w = -154 + 233. Let n = 132 - w. Let r = 20 + n. What are the prime factors of r?
73
Suppose o + 168*f = 164*f + 11615, -3*o + 2*f = -34929. List the prime factors of o.
103, 113
Let g be 10/(-405)*-18 - (-46)/18. Suppose g*o - 1136 - 1739 = -4*w, -3595 = -5*w - 4*o. What are the prime factors of w?
5, 11, 13
Let n(g) = 3*g**2 + 16*g - 293. What are the prime factors of n(108)?
73, 499
Suppose 2*g + 4*c - 40 = 5*g, 3*c - 12 = 0. Let s be ((-2)/g)/(4 + (-60)/16). What are the prime factors of 4/((2/49)/s)?
2, 7
Let x(i) = 2*i**2 - 8*i - 6. Let h = 111 + -106. Let c be x(h). Suppose 0 = -c*t + 174 + 250. List the prime factors of t.
2, 53
Let h(p) = -18*p + 16. Let a(v) = v**3 - 3*v**2 - 3*v - 2. Let r be a(4). Let z be h(r). What are the prime factors of (-1358)/(-10) - 4/z?
2, 17
Suppose 0 = 5*i + 4*q - 24856, i - 574 = 4*q + 4402. What are the prime factors of i?
2, 11, 113
Suppose 3*n - 6*w + 5*w = 45, 3*n = -2*w + 45. Suppose 30*y = n*y + 315. List the prime factors of y.
3, 7
Suppose -c + 600 = -f + 4*f, -f + 2422 = 4*c. Suppose 2*z - z - 5*j = c, 2*z + j = 1179. List the prime factors of z.
3, 197
What are the prime factors of 6713 + -10 + 17 + 4?
2, 41
Let x = 4382 + -1295. Suppose 5*q - 4308 = x. List the prime factors of q/12 - 2/8.
3, 41
Let t be 3/2*(-409 + -17). Let b = t - -900. List the prime factors of b.
3, 29
Let r = 21870 + -11282. What are the prime factors of r?
2, 2647
Suppose -2*l = -6*l + p + 11, -12 = -3*l - 3*p. Suppose v - 12 = -l*v. Suppose -v*o + 427 = -3*q - 23, -o + 144 = -3*q. List the prime factors of o.
3, 17
Suppose 2*g + 35244 = -6*m + 9*m, 4*m + 5*g - 46969 = 0. What are the prime factors of m?
2, 7, 839
Let w be 57/(-9)*-2*2250/20. Let r = w - 280. List the prime factors of r.
5, 229
Suppose 2*v + 28*z - 51240 = 30*z, -3*v = z - 76892. What are the prime factors of v?
2, 43, 149
Let h = 698 + -419. What are the prime factors of h/31*151/3?
3, 151
Suppose -160 + 50 = 5*g. Let a be (-2)/8*(g - -2). Suppose -5*o = -3*j - 256, 4*o - 197 = a*j - 0*j. List the prime factors of o.
53
Let b be (68/16)/(8/256). Suppose 2*y - b - 248 = 0. List the prime factors of y.
2, 3
Let j = -367 - -635. Suppose 318*q = 322*q - j. List the prime factors of q.
67
Suppose -8*a + 3*a + 32545 = 5*p, 3*p - 21 = 0. What are the prime factors of a?
2, 3251
Suppose 0 = -3*n + 7*n. Suppose 1958 = 26*x - 24*x. Suppose -8*i + x + 477 = n. List the prime factors of i.
2, 7, 13
Let c be (7 - 1)*45/30. Suppose -2*p = 87 - c. List the prime factors of 1/((-3)/p) + 3.
2
Let x = -991 - -4655. What are the prime factors of x?
2, 229
Let q(a) = a**3 + 3*a**2 - 2*a + 7. Let l be q(-6). Suppose 37*y = 40*y + 12. Let d = y - l. List the prime factors of d.
5, 17
Suppose -39496 = -665*j + 657*j. List the prime factors of j.
4937
Let m(r) = -r**3 - 7*r**2 + 2. Let q be m(-7). Suppose 786 = 10*x - 1014. Suppose -u + x = q*u. List the prime factors of u.
2, 3, 5
List the prime factors of ((-75380)/110)/(6/(-33)).
3769
Suppose 2*k = 26 + 6. Suppose k*f = f + 60. Suppose 118 = z + 5*q - 0*q, -5*q + 517 = f*z. List the prime factors of z.
7, 19
Suppose -12516 + 3632 = 4*q + 3*a, 0 = -2*q - 4*a - 4432. Let h = q - -3160. What are the prime factors of h?
2, 3, 13
Suppose 2*i - 1120 = -4*b, -i + 622 = -3*b + 57. List the prime factors of i.
2, 281
Let n be 206/30 + (-62)/(-465). Suppose 544 = 2*i + 2*d, 2*d = -4*i + n*i - 836. What are the prime factors of i?
2, 3, 23
Suppose 2*k - 26160 = -3*t, 49*t = 5*k + 44*t - 65425. List the prime factors of k.
3, 7, 89
Let x(c) = c**3 - 28*c**2 - 64*c + 16. Let m be x(30). Let o = 300 + m. What are the prime factors of o?
2, 7
Let k = 18 + -22. Let g be (-3)/((-6)/k) + 290. Suppose -2*d = 2*d - g. What are the prime factors of d?
2, 3
Let l(n) = 628*n**2 + 49*n - 271. List the prime factors of l(5).
2, 17, 461
What are the prime factors of 5679 - (23 - 2 - 11)?
5669
Suppose f = -3*n + 33, 34 = 2*f + 3*n - 5*n. Let d(w) = 3*w**2 - 17*w - 58. What are the prime factors of d(f)?
2, 227
Suppose 0*f - 9 = 2*f + 3*t, -3*f - 5*t = 16. Suppose -5*l - f*j + 171 = 0, -2*j = -2*l - 6*j + 74. What are the prime factors of l?
3, 11
Let j = 39883 + -30124. List the prime factors of j.
3, 3253
Suppose 2*u = 5*g + 1700, -3*u + 2561 = 85*g - 87*g. What are the prime factors of u?
3, 5, 19
Let s = -25 - -39. Let z = -8 + s. Suppose -3*m + z = 0, 0*m - 5*m = -t + 32. What are the prime factors of t?
2, 3, 7
Let s = 115374 - 29271. List the prime factors of s.
3, 1063
Suppose -2 = -3*c + u, 5*u + 15 + 13 = -3*c. Let r be (-2 - (-10)/2) + 2 + c. Suppose 0 = 3*t - 2*t + r*b - 148, 246 = 2*t - 2*b. List the prime factors of t.
2
Let f = 7288 - -2495. What are the prime factors of f?
3, 1087
Let x(r) be the second derivative of 17*r**4/12 + 2*r**3/3 - 15*r**2 + 39*r. List the prime factors of x(7).
3, 277
Let z(q) = 13*q - q - 4 - q + 2. Let a be (9/4)/(6/8)*1. List the prime factors of z(a).
31
List the prime factors of 19895/(-519)*2004/(-10).
2, 23, 167
Suppose 11*s - 168 = -69. What are the prime factors of (-27 - -870)*(-3)/s*-1?
281
Let t = 45 - 36. Suppose 2*z - t*z + 42 = 0. Suppose -5*m = -2*d - 0*m + z, -m = -4*d + 30. What are the prime factors of d?
2
Let r be ((-2254)/3)/(40/(-60)). Let j = r + -693. What are the prime factors of j?
2, 7, 31
Let n = 1991 - 1410. Suppose 11*q - 4*q = n. Let v = 100 - q. List the prime factors of v.
17
Let g(x) = 1324*x - 28. Let n be g(3). Suppose 5*t - n = -u, u - 3156 = -5*t + t. What are the prime factors of t?
2, 197
Let v = -580 + 582. Suppose -10 = -4*h - 3*m + 2, -4*h + 3*m + 12 = 0. Suppose -40 = -l + 4*z, h*l - 2*z - v*z = 144. What are the prime factors of l?
2, 13
Suppose 3*a + m = 7*a + 43, a - m = -13. List the prime factors of (-1 - (-734)/a)/(258/(-860)).
2, 31
Let r = -3075 - -5144. Suppose 5*w + 5*k = 5180, -13*w + k + r = -11*w. What are the prime factors of w?
3, 5, 23
What are the prime factors of (20 - 1008/24)/(-1*(-4)/(-474))?
3, 11, 79
Suppose 86*c + 163*c - 9124955 = -310853. List the prime factors of c.
2, 11, 1609
Let c be ((-26)/(-6))/(6/54). Let x = -117 - c. What are the prime factors of (6/(-21) - 0) + x/(-7)?
2, 11
Let f(y) = 6*y + 40. Let i be (2 - 0) + -3 + 2 + 3. Suppose -5*p = i*z - 25, -28 = -6*p + 4*p + 2*z. What are the prime factors of f(p)?
2, 47
Let x = 55793 - 11247. List the prime factors of x.
2, 22273
Let b(u) = 1 + u**2 + 4*u**2 + 9*u - 19 - 6*u**2. Let r be b(6). Suppose r = 8*g - 19*g + 2134. List the prime factors of g.
2, 97
Suppose 4*b = 4 + 4. Suppose b*v - 896 = -0*v. Let t = -310 + v. List the prime factors of t.
2, 3, 23
Suppose 2*o - 3367 = -5*n, -2*n = 4*o - 9*o + 8461. List the prime factors of o.
19, 89
Suppose -27*y + 143508 = -82806. List the prime factors of y.
2, 3, 11, 127
What are the prime factors of 2 + 185206/10 - 9/15?
2, 3, 7
Suppose 3*b + 3*t + t = 27, t = 4*b - 17. Suppose 5*l + 2*n = 10, 3*l + 37 = 6*l - b*n. What are the prime factors of (-498)/(-4) - (l + (-7)/2)?
2, 31
Suppose 2*c + 433 = -3*l, 2*l = c - 156 - 128. Let r = l + 356. List the prime factors of r.
3, 71
Suppose 0*v + 4*v + 3*k = -1553, -15 = -3*k. Let x = -266 - v. Let u = x - 55. What are the pri